*3 + 45*i**2 + 59*i + 245. Calculate o(46).
843
Let u(p) = 5*p**3 - 51*p**2 + 7*p + 14. Give u(10).
-16
Let v(m) = 453*m - 1071. Calculate v(2).
-165
Let u(a) = -a**3 - 96*a**2 - 280*a - 83. Give u(-93).
10
Let n(f) = -f**2 - 44*f - 125. Give n(-22).
359
Let t(p) = -66*p - 537. What is t(-11)?
189
Let n(d) = 14*d**3 + 3*d**2 - 4*d - 7. Determine n(-1).
-14
Let g(m) = 41*m + 3738. Calculate g(-90).
48
Let p(k) = -k**2 - 5424*k - 3. Give p(0).
-3
Let u(b) = -320*b + 6892. Determine u(22).
-148
Let f(c) = -5*c + 64. What is f(13)?
-1
Let j(h) = h**3 - 26*h**2 - 5*h + 281. Calculate j(26).
151
Let c(a) = 219*a**2 + 11*a + 3. Determine c(0).
3
Let q(w) = 4*w**2 + 160*w - 696. Determine q(4).
8
Let z(c) = -c**2 + 68*c + 960. Calculate z(80).
0
Let j(y) = 36*y**2 + 55*y + 157. Determine j(-3).
316
Let k(a) = 1932*a + 42501. Calculate k(-22).
-3
Let z(g) = 6*g - 81. What is z(6)?
-45
Let a(i) = 3*i**3 + 28*i**2 - 78*i - 583. Give a(-10).
-3
Let m(j) = -j**3 - 49*j**2 + 96*j - 288. Give m(-51).
18
Let k(j) = -2*j**2 - 124*j + 87. Calculate k(-63).
-39
Let h(w) = 5*w**2 + 27*w + 15. Determine h(-6).
33
Let k(p) = -19*p + 334. Calculate k(20).
-46
Let v(j) = -j**2 + 48*j + 586. Give v(60).
-134
Let v(a) = 3*a**3 - 7*a**2 - 2*a + 19. What is v(6)?
403
Let p(b) = -8*b**3 + 31*b**2 - 90*b - 7. Give p(3).
-214
Let k(v) = v**3 - 18*v**2 + 21*v + 129. Give k(16).
-47
Let i(u) = -158*u + 10257. Determine i(65).
-13
Let g(k) = -2*k**2 - 7*k + 6. Give g(-13).
-241
Let c(h) = 11*h**2 - 307*h + 530. Give c(26).
-16
Let k(i) = 130*i + 1050. Calculate k(-8).
10
Let n(z) = 113*z + 513. Give n(-4).
61
Let q(j) = 5*j - 47. Calculate q(-11).
-102
Let w(j) = -198*j + 23569. Determine w(119).
7
Let n(c) = c**3 + 29*c**2 + 79*c + 51. What is n(-26)?
25
Let b(y) = -y**2 - 171*y - 4111. Give b(-29).
7
Let y(l) = -l**3 + l**2 - 14*l + 39. Give y(2).
7
Let q(h) = 8*h - 17. Determine q(-1).
-25
Let m(k) = -k**3 - 28*k**2 - 158*k + 25. Give m(-20).
-15
Let o(j) = -26*j - 196. Determine o(-8).
12
Let f(c) = 161*c + 242. Give f(2).
564
Let y(z) = -5*z**2 + 22*z - 12. Give y(4).
-4
Let r(p) = -1484*p - 1477. Calculate r(-1).
7
Let v(d) = d**2 - 40*d + 592. What is v(16)?
208
Let w(q) = 29*q**2 + 143*q + 5. Determine w(-5).
15
Let g(z) = -1323*z + 26470. Determine g(20).
10
Let f(t) = -t**3 + 28*t**2 + 271*t - 7575. Give f(28).
13
Let p(z) = -z**2 - 4*z + 263. What is p(-16)?
71
Let l(i) = -47*i**3 + 3*i**2 + 8*i + 10. What is l(-2)?
382
Let y(l) = 21*l - 257. Calculate y(26).
289
Let u(p) = p**3 + 129*p**2 + 2263*p - 106. Give u(-21).
-1
Let n(a) = -354*a - 687. What is n(-2)?
21
Let b(g) = 50*g + 2947. Give b(-59).
-3
Let y(u) = 10*u**3 - 2*u**2 - 7*u - 5. Calculate y(-2).
-79
Let k(l) = 15*l**2 - 173*l + 533. Give k(6).
35
Let m(r) = -2*r**2 + 440*r - 872. Calculate m(2).
0
Let k(f) = -f**3 + 11*f**2 - 362*f + 4508. Give k(12).
20
Let m(p) = p**3 - 6*p**2 + 25. What is m(4)?
-7
Let w(a) = 104*a + 1858. What is w(-18)?
-14
Let u(i) = 4*i**3 - 87*i**2 + 57*i + 133. What is u(21)?
7
Let u(s) = s**3 - 3*s**2 + 14*s - 20. Give u(2).
4
Let l(j) = 5*j**2 + 32*j + 295. Determine l(-11).
548
Let f(r) = 239*r - 3338. What is f(14)?
8
Let i(x) = x**2 + 101*x + 2499. Determine i(-43).
5
Let u(g) = -21*g**2 + 798*g - 9. Calculate u(38).
-9
Let u(x) = x**2 - 22*x + 8. Calculate u(15).
-97
Let v(k) = -4*k**2 - 32*k - 63. Determine v(-5).
-3
Let z(f) = -f**3 - 23*f**2 - 125*f + 72. What is z(-10)?
22
Let x(s) = 27*s - 37. What is x(1)?
-10
Let o(x) = -6*x**2 - 7*x + 30. Calculate o(-3).
-3
Let n(p) = -9*p**2 - 4*p - 13. What is n(-4)?
-141
Let u(m) = -57*m - 1097. Give u(-17).
-128
Let l(s) = -1325*s + 15942. Give l(12).
42
Let y(w) = w**2 - 106*w + 2540. Determine y(55).
-265
Let n(w) = 2186*w - 218603. Give n(100).
-3
Let a(l) = -4*l**2 - 286*l + 434. Give a(-73).
-4
Let v(k) = -1249*k - 14977. What is v(-12)?
11
Let p(d) = -d**2 - 123*d - 2216. Determine p(-101).
6
Let p(x) = 164*x + 16375. Give p(-100).
-25
Let y(b) = -7*b + 19. Calculate y(-7).
68
Let g(q) = 41*q**2 - 12*q + 16. What is g(1)?
45
Let i(t) = -33*t**2 + 107*t + 6. What is i(2)?
88
Let s(z) = z - 49. Calculate s(15).
-34
Let w(t) = 86*t + 392. Calculate w(-6).
-124
Let b(m) = m**2 + 40*m + 132. What is b(-34)?
-72
Let v(z) = z**3 + 40*z**2 + 36*z - 115. What is v(-39)?
2
Let s(p) = p**3 + 47*p**2 - 4*p - 88. What is s(-47)?
100
Let q(x) = -6776*x + 9. Calculate q(0).
9
Let t(s) = -s**3 - 16*s**2 - 21*s + 29. What is t(-12)?
-295
Let u(b) = 5*b**3 + 37*b**2 - 12*b - 10. Determine u(-7).
172
Let l(a) = a**3 - 39*a**2 - 35*a - 211. Give l(40).
-11
Let t(k) = 356*k - 2518. Calculate t(8).
330
Let u(t) = t**3 + 12*t**2 + 2*t - 14. Calculate u(-6).
190
Let f(s) = -14*s**2 + 57*s. Calculate f(4).
4
Let w(f) = 680*f - 720. Determine w(1).
-40
Let k(t) = t**3 - 9*t**2 - 129*t + 49. Give k(-8).
-7
Let u(w) = 7*w + 29. What is u(6)?
71
Let o(l) = l**2 + 46*l + 192. Determine o(-4).
24
Let f(a) = -75*a + 607. What is f(8)?
7
Let w(t) = 23*t - 689. Determine w(47).
392
Let k(o) = -o**3 + 62*o**2 - 62*o + 128. Calculate k(61).
67
Let u(m) = 3*m**3 + 23*m**2 + 51*m + 28. Determine u(-4).
0
Let a(g) = -77*g + 1832. What is a(24)?
-16
Let q(f) = f**3 + 12*f**2 - 29*f - 41. Calculate q(-14).
-27
Let f(c) = -32*c**3 + c**2 + 96*c + 94. Calculate f(-1).
31
Let n(h) = -417*h - 1661. Calculate n(-4).
7
Let x(q) = q**2 - 43*q + 296. Give x(9).
-10
Let m(t) = -t**2 - 81*t - 762. Determine m(-70).
8
Let r(n) = -199*n - 12. Calculate r(-1).
187
Let n(c) = -4*c**3 + 90*c**2 + 52*c - 159. Give n(23).
-21
Let q(g) = -25*g + 81. Give q(6).
-69
Let c(y) = 11*y**3 + y**2 + 27*y + 67. What is c(-3)?
-302
Let j(t) = t**3 - 8*t**2 + 28*t + 1. Determine j(3).
40
Let k(p) = -15*p**2 - 45*p + 140. Give k(3).
-130
Let c(v) = -6*v + 293. Calculate c(32).
101
Let b(d) = 231*d + 3462. Calculate b(-15).
-3
Let u(b) = b**3 - 151*b**2 + 31*b - 4686. Calculate u(151).
-5
Let k(s) = 7*s**2 - s - 34. Give k(4).
74
Let n(d) = 37*d + 2338. Calculate n(-62).
44
Let c(o) = -o**3 + 128*o**2 - 128*o + 37. Calculate c(127).
-90
Let f(x) = 28*x + 1553. Give f(-58).
-71
Let q(k) = -28*k + 178. Give q(10).
-102
Let r(t) = t**2 + 55*t + 159. What is r(-50)?
-91
Let a(n) = n**3 + 37*n**2 - 36*n - 58. Calculate a(-38).
-134
Let s(x) = 3*x**3 - 176*x**2 - 62*x + 185. What is s(59)?
8
Let q(c) = 7*c**2 + 150*c - 839. Determine q(-26).
-7
Let h(v) = -1273*v - 8908. Calculate h(-7).
3
Let w(n) = 2*n**3 - 82*n**2 - 2*n + 78. Give w(41).
-4
Let x(p) = p**2 + 427*p + 852. Give x(-2).
2
Let p(j) = j**3 - j**2 - 28*j - 184. Calculate p(0).
-184
Let o(m) = -m**3 + 21*m**2 - 15*m - 700. Determine o(18).
2
Let s(n) = 3*n**2 + 159*n + 1556. Determine s(-40).
-4
Let k(c) = 8*c**2 - 167*c + 271. Give k(19).
-14
Let y(v) = 105*v**3 - 5*v + 4. What is y(1)?
104
Let s(i) = 14*i - 1390. What is s(16)?
-1166
Let x(c) = -50*c**2 - 97*c - 355. Give x(-4).
-767
Let d(b) = -8*b**2 + 695*b - 609. Give d(86).
-7
Let h(k) = k**3 + 8*k**2 + 3*k + 62. What is h(-9)?
-46
Let n(l) = -l**3 - 9*l**2 - 27*l - 20. Calculate n(-4).
8
Let b(f) = 7*f**2 + 81*f - 15. What is b(-12)?
21
Let n(z) = 2190*z - 85417. Calculate n(39).
-7
Let b(u) = -12*u**2 - 13*u + 17. Give b(-4).
-123
Let f(q) = -53*q**2 - 45*q - 139. What is f(-3)?
-481
Let p(y) = -255*y - 16833. Calculate p(-66).
-3
Let k(i) = 2*i**2 + 10*i + 8. Calculate k(-8).
56
Let n(f) = -3*f - 188. Determine n(-23).
-119
Let k(t) = -4*t**2 + 238*t + 1228. What is k(-5)?
-62
Let a(n) = n**2 + 6*n - 32. Determine a(3).
-5
Let w(x) = -x**3 + 21*x**2 - 28*x - 25. Determine w(20).
-185
Let h(i) = -i**2 - 92*i - 1971. What is h(-34)?
1
Let l(f) = 4*f + 208. Determine l(-37).
60
Let d(b) = b**3 + 34*b**2 - 47*b - 321. Give d(-35).
99
Let g(o) = o**3 + 25*o**2 - 102*o - 50. Calculate g(4).
6
Let v(t) = -10869*t + 65211. Give v(6).
-3
Let o(l) = -3*l**3 + 41*l**2 - 65*l + 46. What is o(12)?
-14
Let w(i) = -i**3 + 15*i**2 - 73*i + 335. Calculate w(11).
16
Let m(c) = -110*c - 273. Calculate m(-5).
277
Let w(g) = -293*g - 729. Calculate w(-3).
150
Let q(p) = p**2 - 83*p - 1091. Calculate q(-19).
847
Let y(s) = -507*s + 2497. Determine y(5).
-38
Let y(w) = -430*w + 3967. Determine y(9).
97
Let g(q) = 2*q**3 + 31*q**2 - 14*q + 62. Give g(-16).
30
Let k(g) = -g**3 - 13*g**2 - 17*g -